at is -21 + -1122?
-1220
In base 10, what is 5 + -168?
-163
In base 16, what is 1058 - 1?
1057
In base 12, what is 2 + 82?
84
In base 8, what is 67 - -53?
142
In base 15, what is -415 - -6?
-40e
In base 11, what is 4 - -66?
6a
In base 8, what is -5 + -11?
-16
In base 16, what is -2e - -8?
-26
In base 15, what is 1 + 15?
16
In base 4, what is -1122312 - 11?
-1122323
In base 10, what is -3 + -16?
-19
In base 4, what is 10 - 1211?
-1201
In base 16, what is -1d1 + -5?
-1d6
In base 2, what is 1 - 1000000?
-111111
In base 5, what is -13 - 1301?
-1314
In base 2, what is 1101 + -11?
1010
In base 4, what is -3 + 300?
231
In base 11, what is 1 - -4?
5
In base 6, what is -532 - -3?
-525
In base 3, what is -1112 + 212?
-200
In base 6, what is 0 + -10333?
-10333
In base 9, what is -4 - -2477?
2473
In base 3, what is 2120001 - 2?
2112222
In base 5, what is -230 - -1?
-224
In base 8, what is 7 - 0?
7
In base 13, what is -15 - -89?
74
In base 8, what is -726 - -42?
-664
In base 2, what is -10011100 + 11?
-10011001
In base 13, what is 1 - 114?
-113
In base 9, what is -2301 - -13?
-2277
In base 4, what is 20222 - 132?
20030
In base 16, what is 5 - -41?
46
In base 9, what is -606 - 1?
-607
In base 15, what is 1 - 40c?
-40b
In base 6, what is -3104 + 1?
-3103
In base 11, what is -3 - 79a?
-7a2
In base 16, what is -4 - -39a?
396
In base 5, what is -3441 - 1?
-3442
In base 10, what is -73 - -3?
-70
In base 12, what is -29 - 8?
-35
In base 16, what is 17c - -3?
17f
In base 13, what is -2 - 7?
-9
In base 5, what is -10 + -142?
-202
In base 4, what is -3 - 131133?
-131202
In base 6, what is 115 + -232?
-113
In base 14, what is -5 - -412?
40b
In base 7, what is 16 - -6?
25
In base 12, what is -a - -12?
4
In base 15, what is -2 - 17?
-19
In base 3, what is -2 + -12210?
-12212
In base 3, what is 1012 - -11121?
12210
In base 11, what is 5 + -3132?
-3128
In base 13, what is -267 - -4?
-263
In base 9, what is -2 - 2574?
-2576
In base 14, what is -1 - ab?
-ac
In base 6, what is 10201 - 5?
10152
In base 10, what is 40 + 6?
46
In base 4, what is 2203 + 0?
2203
In base 16, what is -2 - -10f?
10d
In base 9, what is -55 + 7?
-47
In base 14, what is 7599 - 0?
7599
In base 15, what is 2 - 25?
-23
In base 12, what is 10b - 38?
93
In base 11, what is -4 + -623?
-627
In base 11, what is 4 + -44?
-40
In base 15, what is -2 + -3b?
-3d
In base 4, what is 20 - 1220?
-1200
In base 6, what is -55320 + -2?
-55322
In base 7, what is 5 + -120?
-112
In base 2, what is 0 - -1?
1
In base 6, what is 1231 - -5?
1240
In base 6, what is -1 + 22042?
22041
In base 7, what is -1332 + 1?
-1331
In base 16, what is 4cb + 3?
4ce
In base 4, what is -1 + 1?
0
In base 6, what is -1 - -451?
450
In base 14, what is 4 + 1b?
21
In base 9, what is 0 + 31?
31
In base 12, what is ab2 + -4?
aaa
In base 9, what is -14 + -10?
-24
In base 15, what is 3 + -733?
-730
In base 10, what is -136 - -37?
-99
In base 16, what is 20 + -7a?
-5a
In base 6, what is -22314 - 5?
-22323
In base 6, what is 2 + -131?
-125
In base 5, what is -10 + 14343?
14333
In base 3, what is -1000202 + 120?
-1000012
In base 11, what is -295 - 6?
-2a0
In base 15, what is -2e9 - 2?
-2eb
In base 11, what is 2a - 35?
-6
In base 16, what is 1c + 21?
3d
In base 4, what is 30330 - -2?
30332
In base 9, what is 5 + -64?
-58
In base 10, what is 285 + -3?
282
In base 15, what is 3a + -3?
37
In base 6, what is -3 + 53003?
53000
In base 9, what is 0 - 460?
-460
In base 12, what is -4 - -30?
28
In base 9, what is -888 - 0?
-888
In base 3, what is -2 - 1000121?
-1000200
In base 12, what is -41 - -3?
-3a
In base 7, what is -2 - 3633?
-3635
In base 7, what is 3 - 4243?
-4240
In base 10, what is 87 - -190?
277
In base 10, what is 16 - -33?
49
In base 15, what is -283 - 1?
-284
In base 16, what is -4 + 2?
-2
In base 9, what is -7 + 17?
10
In base 4, what is 23331 - 11?
23320
In base 15, what is 7b + 4?
80
In base 3, what is -1 + -10?
-11
In base 3, what is -111220 - -20?
-111200
In base 11, what is -201 - -12?
-19a
In base 15, what is -15 + 6?
-e
In base 9, what is 22 - -2?
24
In base 3, what is -100 + 2112010?
2111210
In base 14, what is -1 - -22?
21
In base 12, what is -123 - -3b?
-a4
In base 4, what is 1210 + 0?
1210
In base 14, what is -19 - 1b?
-36
In base 16, what is 0 + 383?
383
In base 14, what is 7 + c29?
c32
In base 3, what is 1 - 1000120?
-1000112
In base 2, what is 0 - 1100111?
-1100111
In base 6, what is 55033 + 3?
55040
In base 3, what is 21 + 2122?
2220
In base 14, what is 2602 + 3?
2605
In base 13, what is -4 + 87a?
876
In base 12, what is 478 + 1?
479
In base 11, what is 19 - 25?
-7
In base 2, what is 0 + 0?
0
In base 2, what is 1001111 + 1000?
1010111
In base 13, what is 30 - 16?
17
In base 14, what is 1907 - 0?
1907
In base 6, what is 532 + -13?
515
In base 13, what is -3c - 3?
-42
In base 7, what is 1234 - -5?
1242
In base 14, what is -4 + b8?
b4
In base 12, what is 4 + 2a?
32
In base 3, what is 12220 - -211?
20201
In base 15, what is -3 + -3?
-6
In base 5, what is -11 + -101?
-112
In base 4, what is -13 + 232232?
232213
In base 9, what is 15 - 225?
-210
In base 10, what is -11 + 695?
684
In base 14, what is 57 - 80?
-27
In base 3, what is 1 - 101001?
-101000
In base 7, what is -341 - -3?
-335
In base 9, what is -62 - 17?
-80
In base 7, what is 2652 - 3?
2646
In base 14, what is -26 - -32?
a
In base 11, what is 4321 - -3?
4324
In base 9, what is 74 + 4?
78
In base 5, what is 24 + -10022?
-4443
In base 3, what is -21 - -1022?
1001
In base 11, what is 2 - a00?
-9a9
In base 15, what is 6c - 3?
69
In base 10, what is 4202 - 4?
4198
In base 2, what is -10001110 + -101?
-10010011
In base 7, what is 2 - -23?
25
In base 7, what is -23 - -3?
-20
In base 9, what is -4 + 33?
28
In base 11, what is 1a - 295?
-276
In base 14, what is -4 + -1c1d?
-1c23
In base 11, what is 2 + -56?
-54
In base 9, what is 1252 + -6?
1245
In base 4, what is 22 - -1221?
1303
In base 2, what is -100 + 10011100111?
10011100011
In base 13, what is -1 + -a4?
-a5
In base 15, what is 194 + -c?
187
In base 6, what is -1051 - -5?
-1042
In base 9, what is 2 + -848?
-846
In base 2, what is -1100 - -100110100?
100101000
In base 6, what is -103 + -1?
-104
In base 16, what is -8 - 187?
-18f
In base 15, what is 6 + -1b?
-15
In base 9, what is -52 - -3?
-48
In base 6, what is 45343 - -4?
45351
In base 8, what is 33 + -7?
24
In base 3, what is 10 - -12002?
12012
In base 11, what is -1 + 50a?
509
In base 16, what is 721 - 0?
721
In base 2, what is 100011000000 - 10?
100010111110
In base 15, what is -a03e + -2?
-a041
In base 9, what is 264 + -4?
260
In base 16, what is 3 - 474?
-471
In base 8, what is -2230 + 1?
-2227
In base 9, what is 5 - -3663?
3668
In base 15, what is 3 - b?
-8
In base 2, what is 100 - -110010100?
110011000
In base 2, what is 11100 + 10?
11110
In base 11, what is -4637 + -2?
-4639
In base 2, what is -100110100100001 + -101?
-100110100100110
In base 13, what is 8 + b2?
ba
In base 14, what is 212 + 4?
216
In base 16, what is -22c - -3?
-229
In base 6, what is -1 + -121?
-122
In base 16, what is -5 + d9?
d4
In base 12, what is 19 + 1?
1a
In base 6, what is 522 + -3?
515
In base 5, what is -422 + 2?
-420
In base 12, what is 694 + -2?
692
In base 2, what is -101101 - -1?
-101100
In base 15, what is 2 + -32e?
-32c
In base 11, what is 89 + -3?
86
In base 5, what is 12 + 20?
32
In base 13, what is -48 + -3?
-4b
In base 15, what is -28 + 7?
-21
In base 12, what is 3 - -42?
45
In base 5, what is 10 + 31?
41
In base 11, what is 4 + 25?
29
In base 14, what is -25 - -1?
-24
In base 4, what is -1033 + 1?
-1032
In base 13, what is -9 + -47?
-53
In base 4, what is 12 - -101?
113
In base 14, what is -1 - 30db?
-30dc
In base 2, what is 100 - -101100001?
101100101
In base 2, what is 1 + -11101011?
-11101010
In base 15, what is -1687 - -2?
-1685
In base 9, what is -2315 - 3?
-2318
In base 5, what is 200 - 20?
130
In base 13, what is -3 + -10?
-13
In base 4, what is -2 + 3201?
3133
In base 9, what is 1773 + -3?
1770
In base 9, what is 10 + -5?
4
In base 13, what is -6 - -20?
17
In base 12, what is 5 - -27?
30
In base 8, what is -6 - 333?
-341
In base 4, what is 30 - 10?
20
In base 6, what is 10 - -13?
23
In base 3, what is 0 + -111200?
-111200
In base 3, what is 10 - 102112?
-102102
In base 13, wha